2204?
4
What is the ten thousands digit of 134419?
3
What is the hundreds digit of 5868722?
7
What is the tens digit of 403633?
3
What is the ten thousands digit of 76380?
7
What is the hundred thousands digit of 364107?
3
What is the tens digit of 140219?
1
What is the ten thousands digit of 9247590?
4
What is the hundred thousands digit of 223976?
2
What is the units digit of 5298831?
1
What is the hundreds digit of 8763490?
4
What is the hundred thousands digit of 10932789?
9
What is the hundred thousands digit of 1281158?
2
What is the millions digit of 13191017?
3
What is the hundreds digit of 2017695?
6
What is the hundred thousands digit of 3673289?
6
What is the hundred thousands digit of 8961170?
9
What is the ten thousands digit of 189257?
8
What is the units digit of 2007284?
4
What is the units digit of 1616092?
2
What is the tens digit of 3533383?
8
What is the thousands digit of 20240565?
0
What is the tens digit of 616?
1
What is the units digit of 1300286?
6
What is the hundreds digit of 55702?
7
What is the ten thousands digit of 40221?
4
What is the ten thousands digit of 322400?
2
What is the units digit of 4738182?
2
What is the units digit of 12319712?
2
What is the hundreds digit of 53658?
6
What is the tens digit of 3095995?
9
What is the ten thousands digit of 13913770?
1
What is the hundred thousands digit of 1599814?
5
What is the millions digit of 8751909?
8
What is the units digit of 22325?
5
What is the ten thousands digit of 3905988?
0
What is the tens digit of 11403146?
4
What is the ten thousands digit of 6919539?
1
What is the tens digit of 1132511?
1
What is the units digit of 2216594?
4
What is the ten thousands digit of 3103880?
0
What is the units digit of 248225?
5
What is the millions digit of 5045226?
5
What is the hundred thousands digit of 10894978?
8
What is the thousands digit of 4209030?
9
What is the units digit of 3010921?
1
What is the hundreds digit of 261678?
6
What is the tens digit of 120447?
4
What is the tens digit of 3359?
5
What is the units digit of 72671?
1
What is the units digit of 14997181?
1
What is the tens digit of 974488?
8
What is the ten thousands digit of 2056215?
5
What is the tens digit of 1282289?
8
What is the tens digit of 6616958?
5
What is the units digit of 270201?
1
What is the ten thousands digit of 2651428?
5
What is the ten thousands digit of 3596555?
9
What is the millions digit of 2829238?
2
What is the units digit of 46832?
2
What is the units digit of 769071?
1
What is the ten thousands digit of 405780?
0
What is the hundred thousands digit of 1965215?
9
What is the hundred thousands digit of 21457057?
4
What is the ten millions digit of 29591875?
2
What is the units digit of 5968707?
7
What is the units digit of 783348?
8
What is the units digit of 3553061?
1
What is the hundreds digit of 1528735?
7
What is the units digit of 6529615?
5
What is the units digit of 1485534?
4
What is the thousands digit of 2746606?
6
What is the ten thousands digit of 145638?
4
What is the tens digit of 554080?
8
What is the ten thousands digit of 20249021?
4
What is the units digit of 145681?
1
What is the units digit of 5534863?
3
What is the ten thousands digit of 29376515?
7
What is the millions digit of 4614792?
4
What is the ten thousands digit of 289793?
8
What is the hundreds digit of 8897921?
9
What is the thousands digit of 2157195?
7
What is the thousands digit of 17087?
7
What is the thousands digit of 8464667?
4
What is the thousands digit of 5020985?
0
What is the thousands digit of 330755?
0
What is the hundreds digit of 221690?
6
What is the hundreds digit of 38750197?
1
What is the hundreds digit of 288382?
3
What is the hundred thousands digit of 6544462?
5
What is the hundreds digit of 839365?
3
What is the ten thousands digit of 763590?
6
What is the hundreds digit of 172246?
2
What is the tens digit of 40697?
9
What is the units digit of 491873?
3
What is the ten thousands digit of 28374?
2
What is the millions digit of 1395348?
1
What is the tens digit of 3738390?
9
What is the ten thousands digit of 8849037?
4
What is the units digit of 934463?
3
What is the millions digit of 6192051?
6
What is the hundreds digit of 5776659?
6
What is the hundreds digit of 5254563?
5
What is the thousands digit of 298798?
8
What is the hundreds digit of 984584?
5
What is the tens digit of 204421?
2
What is the tens digit of 191526?
2
What is the units digit of 10511443?
3
What is the hundreds digit of 1629952?
9
What is the tens digit of 35088455?
5
What is the ten thousands digit of 488727?
8
What is the millions digit of 26447683?
6
What is the hundreds digit of 59315?
3
What is the tens digit of 3796254?
5
What is the tens digit of 2239250?
5
What is the thousands digit of 57142?
7
What is the units digit of 5192450?
0
What is the tens digit of 38159?
5
What is the tens digit of 147557?
5
What is the tens digit of 8759425?
2
What is the millions digit of 1451113?
1
What is the millions digit of 5346082?
5
What is the millions digit of 2677182?
2
What is the tens digit of 355411?
1
What is the hundred thousands digit of 236091?
2
What is the thousands digit of 123261?
3
What is the units digit of 71405?
5
What is the units digit of 4331365?
5
What is the ten thousands digit of 6719918?
1
What is the millions digit of 4407705?
4
What is the ten thousands digit of 3639093?
3
What is the hundred thousands digit of 211830?
2
What is the hundreds digit of 5631715?
7
What is the hundreds digit of 427973?
9
What is the hundreds digit of 881562?
5
What is the tens digit of 1320345?
4
What is the ten thousands digit of 9608991?
0
What is the tens digit of 600868?
6
What is the tens digit of 86597?
9
What is the hundreds digit of 282049?
0
What is the hundred thousands digit of 362596?
3
What is the hundred thousands digit of 2218716?
2
What is the units digit of 601602?
2
What is the ten thousands digit of 23169980?
6
What is the thousands digit of 6788922?
8
What is the hundreds digit of 604013?
0
What is the hundred thousands digit of 6617067?
6
What is the tens digit of 2749339?
3
What is the units digit of 379030?
0
What is the hundreds digit of 9682126?
1
What is the hundred thousands digit of 4549910?
5
What is the ten thousands digit of 1846516?
4
What is the tens digit of 6160?
6
What is the tens digit of 572665?
6
What is the units digit of 2148334?
4
What is the hundreds digit of 78232?
2
What is the thousands digit of 15673780?
3
What is the hundred thousands digit of 8454101?
4
What is the hundred thousands digit of 4238903?
2
What is the units digit of 2541117?
7
What is the hundred thousands digit of 12949848?
9
What is the units digit of 36779?
9
What is the thousands digit of 4876189?
6
What is the units digit of 12902?
2
What is the tens digit of 359206?
0
What is the millions digit of 1057087?
1
What is the units digit of 245857?
7
What is the ten thousands digit of 18644653?
4
What is the hundreds digit of 24276?
2
What is the tens digit of 916766?
6
What is the units digit of 493603?
3
What is the ten thousands digit of 40745?
4
What is the tens digit of 528541?
4
What is the thousands digit of 2834598?
4
What is the tens digit of 645852?
5
What is the millions digit of 7388853?
7
What is the ten thousands digit of 356648?
5
What is the ten thousands digit of 8376891?
7
What is the tens digit of 236643?
4
What is the hundred thousands digit of 11894744?
8
What is the millions digit of 3257820?
3
What is the thousands digit of 3159586?
9
What is the ten thousands digit of 196515?
9
What is the thousands digit of 1420025?
0
What is the thousands digit of 594089?
4
What is the units digit of 840434?
4
What is the ten thousands digit of 2205178?
0
What is the hundreds digit of 730036?
0
What is the millions digit of 7187551?
7
What is the hundred thousands digit of 6978433?
9
What is the units digit of 195361?
1
What is the tens digit of 464845?
4
What is the millions digit of 11854148?
1
What is the hundred thousands digit of 626367?
6
What is the hundreds digit of 130531?
5
What is the ten thousands digit of 16847782?
4
What is the hundreds digit of 119165?
1
What is the units digit of 7165147?
7
What is the hundred thousands digit of 2054090?
0
What is the